multiple of 7?
False
Suppose 2*r - 22 - 12 = 0. Let h(b) = -2*b + 49. Is h(r) a multiple of 3?
True
Let u = 522 + -251. Let j = -109 + u. Is j a multiple of 24?
False
Suppose -c - 2 = -2*c. Suppose -c*o - 67 = 3*x - 10, 3*x = -4*o - 63. Let k = -13 - x. Is 4 a factor of k?
True
Suppose -3*l + 5*f - 5 = 15, 0 = l - 4*f + 16. Suppose l = 5*o + 3*p - 33, -o + 3*p + 11 = -10. Is o a multiple of 9?
True
Let h = -9 + 7. Let i(v) = v + 2. Let d(r) = 15*r + 33. Let f(l) = 2*d(l) - 33*i(l). Does 6 divide f(h)?
True
Suppose -5*s = 5*v - 1355, -4*v + 1079 = -25*s + 28*s. Is v a multiple of 14?
True
Let t(p) = 4*p + 78. Suppose -z + 3*z - 5*z = 0. Is 39 a factor of t(z)?
True
Let h be ((-1)/(-2))/(8/80). Suppose -407 = -h*k + 53. Suppose 4*l - k = -4*s, 0*l + 2*s = 2*l - 42. Is l a multiple of 22?
True
Let k be (12/1)/(52/(-8) - -7). Suppose 0 = -o - 0 + k. Is o a multiple of 2?
True
Let c = -24 - -44. Suppose -d - 2*d + 26 = w, w + d = c. Is w a multiple of 17?
True
Suppose -4*y + 912 = 20*y. Is 19 a factor of y?
True
Suppose 2*a - 2 = 2*t, -5 = a + t + t. Let b = 25 - 15. Let k = a + b. Is 3 a factor of k?
True
Let x(p) = 13*p**3 - 2*p**2 + 1. Let s be x(1). Let g = s + -11. Does 20 divide 7*9 - (g + 2)?
True
Let u(f) = 63*f + 31. Is 6 a factor of u(4)?
False
Let v = 5337 + -3069. Is v a multiple of 28?
True
Let b = 2496 + -2286. Is b a multiple of 21?
True
Is -294*(-2)/4 + 6 a multiple of 61?
False
Let k(s) = s**3 + 12*s**2 + 3*s - 10. Let o(n) = -n**2 - n + 1. Let u(h) = k(h) + 5*o(h). Is 2 a factor of u(-7)?
False
Suppose 0 = -5*d + 2*b - 1330, 1136 = -5*d - 4*b - 194. Let z = -179 - d. Is z a multiple of 18?
False
Suppose -6 + 0 = -3*n. Does 11 divide -286*((-9)/(-6) - n)?
True
Let m(c) be the first derivative of -c**5/20 - 5*c**4/6 + 3*c**3/2 - 5*c**2 - 2*c - 3. Let s(l) be the first derivative of m(l). Does 3 divide s(-11)?
True
Suppose 2*c = -3*p - 17, -2*p + 9 = -3*c - 23. Let b = c - -13. Suppose b*y = 14 + 49. Does 9 divide y?
False
Let r(x) = 4*x + 16. Let v be r(15). Suppose 2*f + 16 = v. Does 10 divide f?
True
Let s = 874 + -347. Suppose 5*i = s - 32. Is 11 a factor of i?
True
Let x(w) = 8*w + 37. Is x(-2) a multiple of 3?
True
Let n(c) = c**2 + 2*c - 15. Let o be n(-5). Is -2 - 0 - (o - 58) a multiple of 14?
True
Suppose 2*k = -q + 96, 0*q + 5*k = 5*q - 480. Is 4 a factor of q?
True
Let g = 125 - 98. Let h = g - -26. Is h a multiple of 3?
False
Let n(d) = -222*d - 544. Is 19 a factor of n(-5)?
False
Suppose -2*d + v - 6 = -2*v, -4*v + 8 = 2*d. Suppose j - 13 = 2*p, 3*j - 3*p - 24 = -d*p. Suppose -j*n = -2*n + 5*f - 23, n - 17 = -2*f. Is 3 a factor of n?
False
Let r = 89 - 88. Is 16 a factor of ((-21)/(-5))/(r/5)?
False
Suppose 3*u - 3*y = 57, -3*u - 2*y = -2*u - 25. Is u a multiple of 14?
False
Let i(k) = 35*k - 29. Let m = -39 - -42. Is 4 a factor of i(m)?
True
Let v(o) = -22*o**3 + 2*o**2 + o. Is v(-3) a multiple of 21?
True
Let q = -3 - -4. Let d be (3/3)/q - -61. Let r = d - 22. Is r a multiple of 10?
True
Let t(k) = k**2 + 10*k + 4. Let a be t(-5). Let x = a - -103. Is 15 a factor of x?
False
Let w = -10 - -12. Let x = 7 + w. Suppose -80 = -13*t + x*t. Is 5 a factor of t?
True
Let j = 1256 + -450. Does 26 divide j?
True
Let i = 5 - 7. Let y(x) = -x**3 + x**2 + 2*x. Let w(c) = c**3 - c**2 - c. Let p(n) = -5*w(n) - y(n). Does 23 divide p(i)?
False
Let m = -102 + 96. Let q(s) = 2*s**2 + 11*s + 12. Is 3 a factor of q(m)?
True
Let x(r) = 3*r**2 + 3*r + 6. Let g be x(-3). Suppose 2*d = 5*f + 24, 2*d + 2*f - g = 3*f. Is 3 a factor of d?
True
Let l(u) be the third derivative of u**5/60 - 3*u**3 + 3*u**2. Is 23 a factor of l(8)?
True
Let h(f) be the second derivative of f**6/360 - f**5/24 + f**4/8 - 2*f**3/3 + 4*f. Let c(g) be the second derivative of h(g). Is c(-4) a multiple of 15?
False
Suppose -5*c = -6*c - 3. Let s(j) = -2*j**3 - 4*j**2 + j + 7. Is 5 a factor of s(c)?
False
Suppose 5*z + 3*g - 16 = 0, 0*z - 3*z + 5*g = -30. Suppose 6*j + 4*p - 97 = z*j, 0 = 4*p. Let s = j - 55. Is 14 a factor of s?
True
Suppose m = -3, m - 92 = -v + 51. Let g = -93 + v. Is 8 a factor of g?
False
Suppose 0 = 10*x - 1308 - 3012. Let f = x - 212. Is 59 a factor of f?
False
Suppose 0 = 2*g - 4*g. Suppose -3*i - 6*a = -2*a + 3, 4*i + a - 9 = g. Does 3 divide (i + -2)*(-1 + 10)?
True
Suppose -810 = -4*b + 522. Does 30 divide b?
False
Let l = 266 - 256. Is 10 a factor of l?
True
Let o(s) = 2*s**3 - 4*s**2 + s + 2. Let r be o(2). Suppose 0 = 2*l + t - 92, -r*t = l - 3*l + 72. Is l a multiple of 25?
False
Suppose 2*g + 68 = 482. Let c = g + 27. Is 39 a factor of c?
True
Suppose -3*h = -3*k + 660, 9 - 24 = 3*h. Is 43 a factor of k?
True
Let z(s) = 361*s**2 - 4*s. Is 29 a factor of z(2)?
False
Let b(u) = -1113*u - 127. Is 17 a factor of b(-1)?
True
Let d(n) = n**3 + 2*n**2. Suppose -i - 2*i - 6 = 0. Let y be d(i). Suppose -3*t + 48 + 9 = y. Is t a multiple of 12?
False
Is 180/144 - 1039/(-4) a multiple of 2?
False
Let u = 494 - -250. Is u a multiple of 31?
True
Suppose 0 = 83*j - 85*j + 1794. Does 69 divide j?
True
Suppose -8*z + 10*z - 60 = 0. Suppose z = g + 4*g. Suppose i = g*i - 95. Does 7 divide i?
False
Let t(v) = v + 2. Let b be t(3). Suppose -287 = -b*y - 27. Is y a multiple of 26?
True
Suppose 2*y = -2 + 12. Suppose y*j - 5 = x + 3, 0 = 4*x - 3*j - 36. Is 3 a factor of x?
True
Let o = -85 - -97. Suppose 0 = 4*b + o, -b = 3*x + 2*b - 114. Is 6 a factor of x?
False
Let s(i) = i**3 + 20*i**2 - 22*i + 58. Does 35 divide s(-19)?
False
Does 8 divide 116 + (5 + 0 - (-1 + 10))?
True
Suppose -b + 132 = -5*g, -4*g + 189 = -3*b + 596. Suppose b = -q + 364. Is q a multiple of 28?
False
Suppose -2*q = -16*q + 4914. Is 28 a factor of q?
False
Let m(p) = -p**2 - 14*p - 5. Let d be m(-10). Let r = -17 + d. Is 5 a factor of r?
False
Suppose 2*t = 4*t + 10, 5*o - 470 = 4*t. Suppose -88*j - 160 = -o*j. Is 10 a factor of j?
True
Suppose -5*d = -5, -b - 2*d = -0*b - 266. Is b a multiple of 88?
True
Let j = 210 + 1523. Does 9 divide j?
False
Suppose 2*v - 2*r + 4*r - 516 = 0, 3*v - 764 = -r. Is 42 a factor of v?
False
Suppose 16 = -3*q - 0*q + 5*l, -4*q - 18 = -5*l. Let g(d) = -d**3 + 17*d**2 - d + 15. Let m be g(17). Is ((-7)/m)/(q/(-24)) a multiple of 14?
True
Suppose 3*c - j = 2*j + 270, -c - 3*j = -98. Suppose -g = -2*w - 3*g + c, w - 62 = 3*g. Is 10 a factor of w?
True
Let d = 16 - 13. Suppose 0 = -b + 4*z - 14, -d*z + 6*z - 6 = 3*b. Suppose 65 = t + 5*k, -3*t - k + 325 = b*t. Is t a multiple of 13?
True
Suppose -5*l = 3*t - 12, 0 = 4*t + 4*l - 13 - 3. Suppose 6*g = t*g + 10. Suppose 0 = -g*w - q + 168, 2*w + 2*q = 5*q + 74. Does 14 divide w?
False
Suppose 13*d + 202 = 3140. Is d even?
True
Suppose -6 = -5*b - 26. Let l be b/((-1)/3*2). Does 14 divide l/(52/(-27) - -2)?
False
Suppose -2*c - 5*j = -511 - 487, -4*c - 2*j = -2012. Does 21 divide c?
True
Let l(t) = 3*t + 14. Let d be l(11). Suppose b + 4*c - 68 = -b, -2*b + 3*c + d = 0. Is 22 a factor of b?
False
Suppose -k + 585 = 3*x - 706, 4*k = 3*x + 5149. Is k a multiple of 14?
True
Suppose 0 = -2*a + 2*s - 176, 384 = -4*a + s - 5*s. Let n = a - -210. Is n a multiple of 28?
False
Let n(t) = t**2 - 4*t + 5. Let u be n(4). Suppose 5*j = -x + 13, -3*j + u*x - 17 = -4*j. Suppose 2*l = -j + 36. Does 10 divide l?
False
Let w be 2/(-3) + (-310)/(-15). Suppose -8 = o - w. Is o a multiple of 6?
True
Is 66 a factor of -14 + 876 + -6 + 2?
True
Let i be ((-2)/5)/(2/(-30)). Suppose -5*j - 31 + i = 0, 381 = 4*w - j. Suppose -4*q - w = -4*d - 6*q, -3*d + 3*q = -66. Does 12 divide d?
False
Let n(a) = 2*a**2 + 28*a + 27. Let j be n(-11). Let r = j + 149. Does 10 divide r?
True
Suppose -20*v + 13539 + 11841 = 0. Does 47 divide v?
True
Let a = -36 - -9. Let k = 6 - a. Does 3 divide k?
True
Does 24 divide (((-3256)/6)/(-4))/((-1)/(-9))?
False
Suppose -5*p = 2*b + 215, -p - 5*b + 43 = -2*p. Let f be p/9 - 2/9. Let k(u) = u**2 + 3. Is k(f) a multiple of 14?
True
Let f be ((-9)/(-5))/((-3)/(-20)). Suppose -f = -m + 12. Is m a multiple of 12?
True
Let l(t) = -t**3 + 20*t**2 + 45*t - 13. Let b be l(22). Suppose -350 = -b*q + 568. Does 13 divide q?
False
Suppose q = 5*q - 8. Suppose -q*a = -0*a + 4. Is 4 - (36/a + 2) a multiple of 10?
True
Suppose -22*j + 9223 = 599. Is 18 a factor of j?
False
Suppose -21*n + 14*n + 434 = 0. Is 14 a factor of 